{"id":3,"date":"2025-06-28T05:57:40","date_gmt":"2025-06-28T05:57:40","guid":{"rendered":"https:\/\/webinaires.fesec.be\/?page_id=3"},"modified":"2025-07-11T04:56:57","modified_gmt":"2025-07-11T04:56:57","slug":"privacy-policy","status":"publish","type":"page","link":"https:\/\/webinaires.fesec.be\/?page_id=3","title":{"rendered":"Politique de confidentialit\u00e9"},"content":{"rendered":"\n<h2 class=\"wp-block-heading\">Politique de confidentialit\u00e9<\/h2>\n\n\n\n<h3 class=\"wp-block-heading\">Qui sommes-nous ?<\/h3>\n\n\n\n<p>Notre site web est : <a class=\"\" href=\"https:\/\/webinaires.fesec.be\">https:\/\/webinaires.fesec.be<\/a>.<\/p>\n\n\n\n<p>Nous sommes responsables du traitement de vos donn\u00e9es personnelles au sens du R\u00e8glement (UE) 2016\/679 dit R\u00e8glement G\u00e9n\u00e9ral sur la Protection des Donn\u00e9es (RGPD).<\/p>\n\n\n\n<p>Pour toute question concernant la protection de vos donn\u00e9es, vous pouvez nous contacter \u00e0 l\u2019adresse suivante : <strong><a>csa.secondaire@segec.be<\/a><\/strong>.<\/p>\n\n\n\n<hr class=\"wp-block-separator has-alpha-channel-opacity\"\/>\n\n\n\n<h3 class=\"wp-block-heading\">Donn\u00e9es personnelles que nous collectons<\/h3>\n\n\n\n<h4 class=\"wp-block-heading\">Commentaires<\/h4>\n\n\n\n<p>Lorsque vous laissez un commentaire sur notre site, nous collectons les donn\u00e9es indiqu\u00e9es dans le formulaire de commentaire, ainsi que votre adresse IP et la cha\u00eene d\u2019agent utilisateur de votre navigateur. Ces informations nous aident \u00e0 d\u00e9tecter les commentaires ind\u00e9sirables (spam).<\/p>\n\n\n\n<p>Une cha\u00eene anonymis\u00e9e cr\u00e9\u00e9e \u00e0 partir de votre adresse e-mail (aussi appel\u00e9e hash) peut \u00eatre transmise au service Gravatar pour v\u00e9rifier si vous utilisez ce dernier. La politique de confidentialit\u00e9 de Gravatar est disponible <a class=\"\" href=\"https:\/\/automattic.com\/privacy\/\">ici<\/a>. Apr\u00e8s validation de votre commentaire, votre photo de profil est visible publiquement \u00e0 c\u00f4t\u00e9 de celui-ci.<\/p>\n\n\n\n<hr class=\"wp-block-separator has-alpha-channel-opacity\"\/>\n\n\n\n<h4 class=\"wp-block-heading\">M\u00e9dias<\/h4>\n\n\n\n<p>Si vous t\u00e9l\u00e9versez des images sur le site, \u00e9vitez d\u2019y inclure des donn\u00e9es de localisation (EXIF GPS). Les visiteurs peuvent t\u00e9l\u00e9charger et extraire ces donn\u00e9es \u00e0 partir des images du site.<\/p>\n\n\n\n<hr class=\"wp-block-separator has-alpha-channel-opacity\"\/>\n\n\n\n<h4 class=\"wp-block-heading\">Cookies<\/h4>\n\n\n\n<ul class=\"wp-block-list\">\n<li>Si vous laissez un commentaire sur notre site, il vous sera propos\u00e9 d\u2019enregistrer votre nom, adresse e-mail et site web dans des cookies. C\u2019est uniquement pour votre confort afin de ne pas devoir saisir ces informations \u00e0 nouveau lors d\u2019un autre commentaire. Ces cookies expirent apr\u00e8s un an.<\/li>\n\n\n\n<li>Si vous visitez la page de connexion, un cookie temporaire sera cr\u00e9\u00e9 afin de d\u00e9terminer si votre navigateur accepte les cookies. Il ne contient pas de donn\u00e9es personnelles et sera supprim\u00e9 \u00e0 la fermeture de votre navigateur.<\/li>\n\n\n\n<li>Lors de votre connexion, plusieurs cookies seront mis en place pour enregistrer vos informations de connexion et vos pr\u00e9f\u00e9rences d\u2019\u00e9cran. Les cookies de connexion durent deux jours, ceux d\u2019options d\u2019\u00e9cran un an. Si vous cochez \u00ab\u202fSe souvenir de moi\u202f\u00bb, votre connexion persistera pendant deux semaines. En vous d\u00e9connectant, les cookies de connexion seront supprim\u00e9s.<\/li>\n\n\n\n<li>Si vous modifiez ou publiez un article, un cookie suppl\u00e9mentaire sera enregistr\u00e9 dans votre navigateur. Ce cookie ne contient aucune donn\u00e9e personnelle et indique simplement l\u2019identifiant de l\u2019article que vous venez de modifier. Il expire apr\u00e8s un jour.<\/li>\n<\/ul>\n\n\n\n<hr class=\"wp-block-separator has-alpha-channel-opacity\"\/>\n\n\n\n<h4 class=\"wp-block-heading\">Contenus embarqu\u00e9s depuis d\u2019autres sites<\/h4>\n\n\n\n<p>Les articles de ce site peuvent inclure des contenus int\u00e9gr\u00e9s (par ex. vid\u00e9os, images, articles, etc.). Les contenus int\u00e9gr\u00e9s depuis d\u2019autres sites se comportent de la m\u00eame mani\u00e8re que si le visiteur se rendait sur cet autre site.<\/p>\n\n\n\n<p>Ces sites web peuvent collecter des donn\u00e9es vous concernant, utiliser des cookies, int\u00e9grer des outils de suivi tiers, et suivre vos interactions avec ces contenus int\u00e9gr\u00e9s, y compris si vous poss\u00e9dez un compte sur ces sites et y \u00eates connect\u00e9.<\/p>\n\n\n\n<hr class=\"wp-block-separator has-alpha-channel-opacity\"\/>\n\n\n\n<h3 class=\"wp-block-heading\">Avec qui partageons-nous vos donn\u00e9es ?<\/h3>\n\n\n\n<p>Si vous demandez une r\u00e9initialisation de mot de passe, votre adresse IP sera incluse dans l\u2019e-mail de r\u00e9initialisation.<\/p>\n\n\n\n<p>Nous ne transmettons vos donn\u00e9es personnelles \u00e0 aucun autre tiers sauf si la loi l\u2019exige, ou pour la fourniture de nos services (par ex. prestataires informatiques, services anti-spam). Dans tous les cas, nous veillons \u00e0 ce que ces tiers offrent des garanties suffisantes de s\u00e9curit\u00e9 et de confidentialit\u00e9.<\/p>\n\n\n\n<hr class=\"wp-block-separator has-alpha-channel-opacity\"\/>\n\n\n\n<h3 class=\"wp-block-heading\">Combien de temps conservons-nous vos donn\u00e9es ?<\/h3>\n\n\n\n<ul class=\"wp-block-list\">\n<li>Si vous laissez un commentaire, celui-ci et ses m\u00e9tadonn\u00e9es sont conserv\u00e9s ind\u00e9finiment. Cela permet de reconna\u00eetre et approuver automatiquement les commentaires suivants au lieu de les laisser dans une file de mod\u00e9ration.<\/li>\n\n\n\n<li>Pour les utilisateurs et utilisatrices qui s\u2019enregistrent sur notre site (si cela est possible), nous stockons aussi les donn\u00e9es personnelles indiqu\u00e9es dans leur profil. Tous les utilisateurs peuvent voir, modifier ou supprimer leurs informations personnelles \u00e0 tout moment (\u00e0 l\u2019exception de leur nom d\u2019utilisateur). Les administrateurs du site peuvent \u00e9galement voir et modifier ces informations.<\/li>\n<\/ul>\n\n\n\n<hr class=\"wp-block-separator has-alpha-channel-opacity\"\/>\n\n\n\n<h3 class=\"wp-block-heading\">Quels sont vos droits sur vos donn\u00e9es ?<\/h3>\n\n\n\n<p>Conform\u00e9ment au RGPD, vous disposez des droits suivants :<\/p>\n\n\n\n<ul class=\"wp-block-list\">\n<li><strong>Droit d\u2019acc\u00e8s<\/strong> : obtenir la confirmation que nous traitons ou non vos donn\u00e9es personnelles et, le cas \u00e9ch\u00e9ant, y acc\u00e9der.<\/li>\n\n\n\n<li><strong>Droit de rectification<\/strong> : demander la correction de donn\u00e9es inexactes ou incompl\u00e8tes.<\/li>\n\n\n\n<li><strong>Droit d\u2019effacement (droit \u00e0 l\u2019oubli)<\/strong> : demander l\u2019effacement de vos donn\u00e9es personnelles sous certaines conditions.<\/li>\n\n\n\n<li><strong>Droit \u00e0 la limitation du traitement<\/strong> : demander la limitation de l\u2019utilisation de vos donn\u00e9es dans certains cas.<\/li>\n\n\n\n<li><strong>Droit d\u2019opposition<\/strong> : vous opposer \u00e0 l\u2019utilisation de vos donn\u00e9es pour certains traitements.<\/li>\n\n\n\n<li><strong>Droit \u00e0 la portabilit\u00e9<\/strong> : recevoir vos donn\u00e9es dans un format structur\u00e9 et lisible par machine ou demander leur transfert \u00e0 un autre responsable du traitement.<\/li>\n<\/ul>\n\n\n\n<p>Si vous poss\u00e9dez un compte ou avez laiss\u00e9 des commentaires sur le site, vous pouvez demander \u00e0 recevoir un fichier contenant toutes les donn\u00e9es personnelles que nous poss\u00e9dons \u00e0 votre sujet, y compris celles que vous nous avez fournies. Vous pouvez \u00e9galement demander l\u2019effacement de vos donn\u00e9es personnelles. Cela ne prend pas en compte les donn\u00e9es que nous devons conserver \u00e0 des fins administratives, l\u00e9gales ou de s\u00e9curit\u00e9.<\/p>\n\n\n\n<p>Pour exercer vos droits, contactez-nous via <strong><a>csa.secondaire@segec.be<\/a><\/strong>.<\/p>\n\n\n\n<p>Si vous estimez que vos droits ne sont pas respect\u00e9s, vous pouvez introduire une r\u00e9clamation aupr\u00e8s de l\u2019Autorit\u00e9 belge de protection des donn\u00e9es (APD) via <a class=\"\" href=\"https:\/\/www.autoriteprotectiondonnees.be\">https:\/\/www.autoriteprotectiondonnees.be<\/a>.<\/p>\n\n\n\n<hr class=\"wp-block-separator has-alpha-channel-opacity\"\/>\n\n\n\n<h3 class=\"wp-block-heading\">O\u00f9 vos donn\u00e9es sont-elles envoy\u00e9es ?<\/h3>\n\n\n\n<p>Les commentaires des visiteurs peuvent \u00eatre v\u00e9rifi\u00e9s \u00e0 l\u2019aide d\u2019un service automatis\u00e9 de d\u00e9tection des commentaires ind\u00e9sirables.<\/p>\n\n\n\n<p>Vos donn\u00e9es peuvent \u00eatre transf\u00e9r\u00e9es en dehors de l\u2019Espace \u00c9conomique Europ\u00e9en si cela est n\u00e9cessaire au fonctionnement du site ou des services utilis\u00e9s, mais toujours avec des garanties appropri\u00e9es conform\u00e9ment au RGPD.<\/p>\n","protected":false},"excerpt":{"rendered":"<p>Politique de confidentialit\u00e9 Qui sommes-nous ? Notre site web est : https:\/\/webinaires.fesec.be. Nous sommes responsables du traitement de vos donn\u00e9es personnelles au sens du R\u00e8glement (UE) 2016\/679 dit R\u00e8glement G\u00e9n\u00e9ral sur la Protection des Donn\u00e9es (RGPD). Pour toute question concernant la protection de vos donn\u00e9es, vous pouvez nous contacter \u00e0 l\u2019adresse suivante : csa.secondaire@segec.be. Donn\u00e9es&#8230;<\/p>\n","protected":false},"author":1,"featured_media":0,"parent":0,"menu_order":0,"comment_status":"closed","ping_status":"closed","template":"","meta":{"_kad_post_transparent":"","_kad_post_title":"","_kad_post_layout":"","_kad_post_sidebar_id":"","_kad_post_content_style":"","_kad_post_vertical_padding":"","_kad_post_feature":"","_kad_post_feature_position":"","_kad_post_header":false,"_kad_post_footer":false,"_kad_post_classname":"","footnotes":""},"class_list":["post-3","page","type-page","status-publish","hentry"],"_links":{"self":[{"href":"https:\/\/webinaires.fesec.be\/index.php?rest_route=\/wp\/v2\/pages\/3","targetHints":{"allow":["GET"]}}],"collection":[{"href":"https:\/\/webinaires.fesec.be\/index.php?rest_route=\/wp\/v2\/pages"}],"about":[{"href":"https:\/\/webinaires.fesec.be\/index.php?rest_route=\/wp\/v2\/types\/page"}],"author":[{"embeddable":true,"href":"https:\/\/webinaires.fesec.be\/index.php?rest_route=\/wp\/v2\/users\/1"}],"replies":[{"embeddable":true,"href":"https:\/\/webinaires.fesec.be\/index.php?rest_route=%2Fwp%2Fv2%2Fcomments&post=3"}],"version-history":[{"count":1,"href":"https:\/\/webinaires.fesec.be\/index.php?rest_route=\/wp\/v2\/pages\/3\/revisions"}],"predecessor-version":[{"id":142,"href":"https:\/\/webinaires.fesec.be\/index.php?rest_route=\/wp\/v2\/pages\/3\/revisions\/142"}],"wp:attachment":[{"href":"https:\/\/webinaires.fesec.be\/index.php?rest_route=%2Fwp%2Fv2%2Fmedia&parent=3"}],"curies":[{"name":"wp","href":"https:\/\/api.w.org\/{rel}","templated":true}]}}

Politique de confidentialité

<h2 class="wp-block-heading">Politique de confidentialité</h2>



<h3 class="wp-block-heading">Qui sommes-nous ?</h3>



<p>Notre site web est : <a class="" href="https://webinaires.fesec.be">https://webinaires.fesec.be</a>.</p>



<p>Nous sommes responsables du traitement de vos données personnelles au sens du Règlement (UE) 2016/679 dit Règlement Général sur la Protection des Données (RGPD).</p>



<p>Pour toute question concernant la protection de vos données, vous pouvez nous contacter à l’adresse suivante : <strong><a>csa.secondaire@segec.be</a></strong>.</p>



<hr class="wp-block-separator has-alpha-channel-opacity"/>



<h3 class="wp-block-heading">Données personnelles que nous collectons</h3>



<h4 class="wp-block-heading">Commentaires</h4>



<p>Lorsque vous laissez un commentaire sur notre site, nous collectons les données indiquées dans le formulaire de commentaire, ainsi que votre adresse IP et la chaîne d’agent utilisateur de votre navigateur. Ces informations nous aident à détecter les commentaires indésirables (spam).</p>



<p>Une chaîne anonymisée créée à partir de votre adresse e-mail (aussi appelée hash) peut être transmise au service Gravatar pour vérifier si vous utilisez ce dernier. La politique de confidentialité de Gravatar est disponible <a class="" href="https://automattic.com/privacy/">ici</a>. Après validation de votre commentaire, votre photo de profil est visible publiquement à côté de celui-ci.</p>



<hr class="wp-block-separator has-alpha-channel-opacity"/>



<h4 class="wp-block-heading">Médias</h4>



<p>Si vous téléversez des images sur le site, évitez d’y inclure des données de localisation (EXIF GPS). Les visiteurs peuvent télécharger et extraire ces données à partir des images du site.</p>



<hr class="wp-block-separator has-alpha-channel-opacity"/>



<h4 class="wp-block-heading">Cookies</h4>



<ul class="wp-block-list">
<li>Si vous laissez un commentaire sur notre site, il vous sera proposé d’enregistrer votre nom, adresse e-mail et site web dans des cookies. C’est uniquement pour votre confort afin de ne pas devoir saisir ces informations à nouveau lors d’un autre commentaire. Ces cookies expirent après un an.</li>



<li>Si vous visitez la page de connexion, un cookie temporaire sera créé afin de déterminer si votre navigateur accepte les cookies. Il ne contient pas de données personnelles et sera supprimé à la fermeture de votre navigateur.</li>



<li>Lors de votre connexion, plusieurs cookies seront mis en place pour enregistrer vos informations de connexion et vos préférences d’écran. Les cookies de connexion durent deux jours, ceux d’options d’écran un an. Si vous cochez « Se souvenir de moi », votre connexion persistera pendant deux semaines. En vous déconnectant, les cookies de connexion seront supprimés.</li>



<li>Si vous modifiez ou publiez un article, un cookie supplémentaire sera enregistré dans votre navigateur. Ce cookie ne contient aucune donnée personnelle et indique simplement l’identifiant de l’article que vous venez de modifier. Il expire après un jour.</li>
</ul>



<hr class="wp-block-separator has-alpha-channel-opacity"/>



<h4 class="wp-block-heading">Contenus embarqués depuis d’autres sites</h4>



<p>Les articles de ce site peuvent inclure des contenus intégrés (par ex. vidéos, images, articles, etc.). Les contenus intégrés depuis d’autres sites se comportent de la même manière que si le visiteur se rendait sur cet autre site.</p>



<p>Ces sites web peuvent collecter des données vous concernant, utiliser des cookies, intégrer des outils de suivi tiers, et suivre vos interactions avec ces contenus intégrés, y compris si vous possédez un compte sur ces sites et y êtes connecté.</p>



<hr class="wp-block-separator has-alpha-channel-opacity"/>



<h3 class="wp-block-heading">Avec qui partageons-nous vos données ?</h3>



<p>Si vous demandez une réinitialisation de mot de passe, votre adresse IP sera incluse dans l’e-mail de réinitialisation.</p>



<p>Nous ne transmettons vos données personnelles à aucun autre tiers sauf si la loi l’exige, ou pour la fourniture de nos services (par ex. prestataires informatiques, services anti-spam). Dans tous les cas, nous veillons à ce que ces tiers offrent des garanties suffisantes de sécurité et de confidentialité.</p>



<hr class="wp-block-separator has-alpha-channel-opacity"/>



<h3 class="wp-block-heading">Combien de temps conservons-nous vos données ?</h3>



<ul class="wp-block-list">
<li>Si vous laissez un commentaire, celui-ci et ses métadonnées sont conservés indéfiniment. Cela permet de reconnaître et approuver automatiquement les commentaires suivants au lieu de les laisser dans une file de modération.</li>



<li>Pour les utilisateurs et utilisatrices qui s’enregistrent sur notre site (si cela est possible), nous stockons aussi les données personnelles indiquées dans leur profil. Tous les utilisateurs peuvent voir, modifier ou supprimer leurs informations personnelles à tout moment (à l’exception de leur nom d’utilisateur). Les administrateurs du site peuvent également voir et modifier ces informations.</li>
</ul>



<hr class="wp-block-separator has-alpha-channel-opacity"/>



<h3 class="wp-block-heading">Quels sont vos droits sur vos données ?</h3>



<p>Conformément au RGPD, vous disposez des droits suivants :</p>



<ul class="wp-block-list">
<li><strong>Droit d’accès</strong> : obtenir la confirmation que nous traitons ou non vos données personnelles et, le cas échéant, y accéder.</li>



<li><strong>Droit de rectification</strong> : demander la correction de données inexactes ou incomplètes.</li>



<li><strong>Droit d’effacement (droit à l’oubli)</strong> : demander l’effacement de vos données personnelles sous certaines conditions.</li>



<li><strong>Droit à la limitation du traitement</strong> : demander la limitation de l’utilisation de vos données dans certains cas.</li>



<li><strong>Droit d’opposition</strong> : vous opposer à l’utilisation de vos données pour certains traitements.</li>



<li><strong>Droit à la portabilité</strong> : recevoir vos données dans un format structuré et lisible par machine ou demander leur transfert à un autre responsable du traitement.</li>
</ul>



<p>Si vous possédez un compte ou avez laissé des commentaires sur le site, vous pouvez demander à recevoir un fichier contenant toutes les données personnelles que nous possédons à votre sujet, y compris celles que vous nous avez fournies. Vous pouvez également demander l’effacement de vos données personnelles. Cela ne prend pas en compte les données que nous devons conserver à des fins administratives, légales ou de sécurité.</p>



<p>Pour exercer vos droits, contactez-nous via <strong><a>csa.secondaire@segec.be</a></strong>.</p>



<p>Si vous estimez que vos droits ne sont pas respectés, vous pouvez introduire une réclamation auprès de l’Autorité belge de protection des données (APD) via <a class="" href="https://www.autoriteprotectiondonnees.be">https://www.autoriteprotectiondonnees.be</a>.</p>



<hr class="wp-block-separator has-alpha-channel-opacity"/>



<h3 class="wp-block-heading">Où vos données sont-elles envoyées ?</h3>



<p>Les commentaires des visiteurs peuvent être vérifiés à l’aide d’un service automatisé de détection des commentaires indésirables.</p>



<p>Vos données peuvent être transférées en dehors de l’Espace Économique Européen si cela est nécessaire au fonctionnement du site ou des services utilisés, mais toujours avec des garanties appropriées conformément au RGPD.</p>

<p>Politique de confidentialité Qui sommes-nous ? Notre site web est : https://webinaires.fesec.be. Nous sommes responsables du traitement de vos données personnelles au sens du Règlement (UE) 2016/679 dit Règlement Général sur la Protection des Données (RGPD). Pour toute question concernant la protection de vos données, vous pouvez nous contacter à l’adresse suivante : csa.secondaire@segec.be. Données&#8230;</p>
